{"id":16,"date":"2015-02-27T14:51:10","date_gmt":"2015-02-27T14:51:10","guid":{"rendered":"http:\/\/www.bartenstein.com\/?page_id=16"},"modified":"2015-02-27T14:51:10","modified_gmt":"2015-02-27T14:51:10","slug":"ablauf-und-kosten","status":"publish","type":"page","link":"https:\/\/bartenstein.com\/index.php\/leistungen\/ablauf-und-kosten\/","title":{"rendered":"Ablauf und Kosten"},"content":{"rendered":"<p>Bei uns bekommen Sie kein 100-seitiges Gutachten mit wissenschaftlichen Abhandlungen \u00fcber die Ermittlung von Kenngr\u00f6\u00dfen. Bei uns bekommen Sie eine klare und deutliche Aussage. So kurz wie m\u00f6glich, aber so ausf\u00fchrlich wie n\u00f6tig. Und das zu einem sehr fairen Preis!<\/p>\n<p>Beispiel: Sie m\u00f6chten sich einen genaueren \u00dcberblick \u00fcber Ihre aktuelle Ertrags- und Liquidit\u00e4tslage machen incl. einer Vorschau auf die n\u00e4chsten Jahre? Und das Ganze soll so aussehen, dass Sie es auch einer Bank vorlegen k\u00f6nnen?<\/p>\n<p>Je nach G\u00fcte der vorhandenen Daten brauchen wir daf\u00fcr zwischen 2-5 Manntage. Eine Einsch\u00e4tzung des Nutzens, den wir Ihnen bringen k\u00f6nnen, erhalten Sie aber bereits im ersten Gespr\u00e4ch, welches Sie nichts kostet.<\/p>\n<p>Werden wir dann f\u00fcr Sie t\u00e4tig, erfolgt die Abrechnung auf Stundenbasis. Bei l\u00e4ngeren Projekten k\u00f6nnen auch Wochenpauschalen vereinbart werden.<\/p>\n","protected":false},"excerpt":{"rendered":"<p>Bei uns bekommen Sie kein 100-seitiges Gutachten mit wissenschaftlichen Abhandlungen \u00fcber die Ermittlung von Kenngr\u00f6\u00dfen. Bei uns bekommen Sie eine klare und deutliche Aussage. So kurz wie m\u00f6glich, aber so ausf\u00fchrlich wie n\u00f6tig. Und das zu einem sehr fairen Preis! Beispiel: Sie m\u00f6chten sich einen genaueren \u00dcberblick \u00fcber Ihre aktuelle Ertrags- und Liquidit\u00e4tslage machen incl. <br \/><a href=\"https:\/\/bartenstein.com\/index.php\/leistungen\/ablauf-und-kosten\/\" class=\"more-link\">Mehr erfahren<\/a><\/p>\n","protected":false},"author":1,"featured_media":62,"parent":8,"menu_order":60,"comment_status":"closed","ping_status":"closed","template":"","meta":{"footnotes":""},"class_list":["post-16","page","type-page","status-publish","has-post-thumbnail","hentry"],"_links":{"self":[{"href":"https:\/\/bartenstein.com\/index.php\/wp-json\/wp\/v2\/pages\/16","targetHints":{"allow":["GET"]}}],"collection":[{"href":"https:\/\/bartenstein.com\/index.php\/wp-json\/wp\/v2\/pages"}],"about":[{"href":"https:\/\/bartenstein.com\/index.php\/wp-json\/wp\/v2\/types\/page"}],"author":[{"embeddable":true,"href":"https:\/\/bartenstein.com\/index.php\/wp-json\/wp\/v2\/users\/1"}],"replies":[{"embeddable":true,"href":"https:\/\/bartenstein.com\/index.php\/wp-json\/wp\/v2\/comments?post=16"}],"version-history":[{"count":0,"href":"https:\/\/bartenstein.com\/index.php\/wp-json\/wp\/v2\/pages\/16\/revisions"}],"up":[{"embeddable":true,"href":"https:\/\/bartenstein.com\/index.php\/wp-json\/wp\/v2\/pages\/8"}],"wp:featuredmedia":[{"embeddable":true,"href":"https:\/\/bartenstein.com\/index.php\/wp-json\/"}],"wp:attachment":[{"href":"https:\/\/bartenstein.com\/index.php\/wp-json\/wp\/v2\/media?parent=16"}],"curies":[{"name":"wp","href":"https:\/\/api.w.org\/{rel}","templated":true}]}}