{"id":10,"date":"2015-02-27T14:47:58","date_gmt":"2015-02-27T14:47:58","guid":{"rendered":"http:\/\/www.bartenstein.com\/?page_id=8"},"modified":"2015-02-27T14:47:58","modified_gmt":"2015-02-27T14:47:58","slug":"finanzierungsplanung","status":"publish","type":"page","link":"https:\/\/bartenstein.com\/index.php\/leistungen\/finanzierungsplanung\/","title":{"rendered":"Finanzierungsplanung"},"content":{"rendered":"<p>Finanzierungsplanung<br \/>\nSie verhandeln \u00fcber einen neuen Kredit oder \u00fcber die Prolongation des alten? Ihre Bank m\u00f6chte von Ihnen einen aktuellen Verm\u00f6gens- und Liquidit\u00e4tsstatus sowie eine Vorausschau auf die  n\u00e4chsten Jahre?<\/p>\n<p>Machen wir!<\/p>\n","protected":false},"excerpt":{"rendered":"<p>Finanzierungsplanung Sie verhandeln \u00fcber einen neuen Kredit oder \u00fcber die Prolongation des alten? Ihre Bank m\u00f6chte von Ihnen einen aktuellen Verm\u00f6gens- und Liquidit\u00e4tsstatus sowie eine Vorausschau auf die n\u00e4chsten Jahre? Machen wir!<\/p>\n","protected":false},"author":1,"featured_media":58,"parent":8,"menu_order":20,"comment_status":"closed","ping_status":"closed","template":"","meta":{"footnotes":""},"class_list":["post-10","page","type-page","status-publish","has-post-thumbnail","hentry"],"_links":{"self":[{"href":"https:\/\/bartenstein.com\/index.php\/wp-json\/wp\/v2\/pages\/10","targetHints":{"allow":["GET"]}}],"collection":[{"href":"https:\/\/bartenstein.com\/index.php\/wp-json\/wp\/v2\/pages"}],"about":[{"href":"https:\/\/bartenstein.com\/index.php\/wp-json\/wp\/v2\/types\/page"}],"author":[{"embeddable":true,"href":"https:\/\/bartenstein.com\/index.php\/wp-json\/wp\/v2\/users\/1"}],"replies":[{"embeddable":true,"href":"https:\/\/bartenstein.com\/index.php\/wp-json\/wp\/v2\/comments?post=10"}],"version-history":[{"count":0,"href":"https:\/\/bartenstein.com\/index.php\/wp-json\/wp\/v2\/pages\/10\/revisions"}],"up":[{"embeddable":true,"href":"https:\/\/bartenstein.com\/index.php\/wp-json\/wp\/v2\/pages\/8"}],"wp:featuredmedia":[{"embeddable":true,"href":"https:\/\/bartenstein.com\/index.php\/wp-json\/"}],"wp:attachment":[{"href":"https:\/\/bartenstein.com\/index.php\/wp-json\/wp\/v2\/media?parent=10"}],"curies":[{"name":"wp","href":"https:\/\/api.w.org\/{rel}","templated":true}]}}